t v = -1 + 0. What is q(v)?
1
Let w(r) = r**3 - 2*r**2 + 1. Let q = 15 - 13. What is w(q)?
1
Let y(o) = -o - 1. Let s = 151 + -143. Determine y(s).
-9
Let m(p) = p**2 - 2. Let t be (0 - 2)*(-9)/6. What is m(t)?
7
Let k(j) = -j**3 - j + 8. Suppose 20 = 2*g - 5*x, g + 4*x + 16 = 6*g. What is k(g)?
8
Let s(j) be the first derivative of 1 + 1/3*j**3 - 2*j + 0*j**2. Let t = 24 + -21. Give s(t).
7
Suppose 5*f + 4*v - 2 = 0, -2*v + v = -5*f - 13. Let h(u) be the second derivative of u**5/20 + u**4/12 - u**3/3 - u**2/2 - 3*u. Give h(f).
-1
Let d(b) = b - 3. Let z be d(5). Let r = 2 - z. Let y(g) = 2*g**3 + g**2 - 7 - 3*g**3 - g - 2*g**2. Calculate y(r).
-7
Let g(m) = m - 1. Let c(j) = 6*j - 6. Let f(a) = c(a) - 5*g(a). Suppose 5*d - 20 = -5. Determine f(d).
2
Suppose 3*k + 31 = -3*t - 2*t, 3*k - 19 = 5*t. Suppose -2*q + 4*v = -24, -12 = -4*q + v + 1. Let i(r) = -3*r + 6 + 3*r + q*r. What is i(t)?
-4
Let i = 75 - 73. Let f(o) be the first derivative of 3*o + 1/3*o**3 + i - 3/2*o**2. Give f(2).
1
Let f(s) = -s - 12. Let c be -1*(-24)/20*-5. Determine f(c).
-6
Let i(a) = -3*a - 4. Suppose 2*k - 2*j = 20, -5*j - 2 = 3. Suppose 0 = -3*s + 6*s + k. Give i(s).
5
Let t(r) = -r + 10. Let p be t(7). Let x(s) = 5*s - p - 4*s - 1. Suppose -37*b + 32*b = -20. Determine x(b).
0
Let z(i) = 3*i + 1. Suppose -3*u = -5 + 23. What is z(u)?
-17
Suppose 5*b = 2*b - 9. Let l(f) be the first derivative of f**3/3 + 3*f**2/2 + 8. Calculate l(b).
0
Let j be 2/9 - 20/9. Let d(x) be the second derivative of -x**5/20 - x**2 + 4*x. What is d(j)?
6
Let b(j) = -2*j - 2. Let f be b(-2). Let n(p) = 4*p - 3. Calculate n(f).
5
Let m = 6 - 0. Let q(o) = -1 - 5*o**2 + 5*o - 12*o + m*o. Calculate q(-1).
-5
Let y(x) = -x**3 - 9*x**2 + 9*x - 8. Let d be y(-10). Let l(p) = -5*p**2 - 6*p - 6*p**3 + 6*p**d + 5*p - 2*p**2. Give l(-1).
6
Let y be -1 + 1*(-1 - -4). Let b(i) = -3*i - 2*i - 3*i - y*i. Determine b(1).
-10
Let z(v) = v + 3. Let n be z(-3). Let d be 0 + (n + 2)/2. Let b(a) = -2*a**3 + a**2 - 1. What is b(d)?
-2
Let b(a) be the second derivative of -1/12*a**5 + 1/2*a**2 + 1/120*a**6 + 3*a + 0 + 1/2*a**3 + 1/24*a**4. Let p(x) be the first derivative of b(x). Give p(5).
8
Let a(m) = -m + 8*m**2 + 2 - 3 - 7*m**2. Let h = 7 + -5. What is a(h)?
1
Suppose u - 5*u = 3*f + 43, -4*u - 7 = -f. Let n(g) = -g**3 + g**2 - 2*g - 3. Let t(i) = -5*i**3 + 5*i**2 - 8*i - 13. Let x(h) = f*n(h) + 2*t(h). Give x(-1).
1
Let s(a) = 10*a - 5. Let q(w) = -9*w + 5. Let n(h) = -7*q(h) - 6*s(h). Calculate n(-4).
-17
Let j(k) = -k**3 + 3*k**2 - 4*k + 6. Let a be j(3). Let r(o) = o + 6. Determine r(a).
0
Let b(h) = 2*h - h - 8 + 0*h. Calculate b(6).
-2
Let g(z) be the third derivative of -z**6/60 - z**5/30 + z**3/3 - 10*z**2. What is g(-2)?
10
Let u(w) = -3*w + 9 + 2*w + 6 - 14 - w**2. Give u(2).
-5
Let l(f) = f**3 + 6*f**2 + 8*f + 2. Let q be l(-4). Let g(a) = -5*a - 2. What is g(q)?
-12
Let u(m) be the third derivative of -m**4/6 + 471*m**2. Let t be (-2)/(-2)*(2 + -3). What is u(t)?
4
Let o(r) = -r**2 - 8*r + 10. Suppose 4*k - 9*k = 45. Calculate o(k).
1
Let q(k) = k + 11 + 10 - 13. Determine q(-5).
3
Let v(k) = -2*k**2 + 6*k + 1. Let j(r) = r**2 - 3*r - 1. Let u(c) = 7*j(c) + 3*v(c). Calculate u(5).
6
Let f(d) = -1. Let p(k) = 23*k**3 - 2*k + 2. Let l(n) = -3*f(n) - p(n). What is l(-1)?
22
Let o = -4 + 1. Suppose 4*a = 11 - 3. Let y(m) = m**a + 3 + m**3 - 2*m + m - m. Calculate y(o).
-9
Let v(m) = m**3 - m**2 - 2*m + 1. Let d(r) = -r**2 + 11*r - 7. Let s be d(10). Determine v(s).
13
Let l(d) be the first derivative of d**2/2 + 2*d - 29. Suppose -2*m + 4*z - 6 = -0*m, 4*m - 5*z = 0. Calculate l(m).
7
Let b(i) be the third derivative of -i**6/120 + i**5/12 + i**4/24 - i**3/6 + 16*i**2. Suppose 0 = -0*v + 2*v - 10. Determine b(v).
4
Let f(p) = 0 + p**3 + 4*p - 5 - 2*p**3 - 2*p + 5*p**2. Give f(5).
5
Let h(c) = -9*c**3 + 3*c + 25*c**3 - 6 - 6*c**2 - 15*c**3 - c. Calculate h(6).
6
Let c(u) = -4*u - 9 + 6*u - 3*u. Let g(p) = p - 2. Let x be g(2). Suppose x = -0*b + b. Give c(b).
-9
Let p(x) be the first derivative of -x**2/2 - 4*x - 1. Let o(t) = -t**3 + 5*t**2 - 4*t - 4. Let u be o(4). What is p(u)?
0
Let h(t) = t + 3. Let p be (1 - 9) + -1*1. Suppose 0 = 12*r - 68 + 20. Let n = r + p. Give h(n).
-2
Suppose 4*a - 2*o = 5 + 11, 5*a + o - 27 = 0. Let s be (-6)/(-8) + (-2)/(-8). Let k(p) = s + 1 - 2*p + 1. Give k(a).
-7
Let x(c) be the first derivative of c**2/2 - 4*c + 1. Let w = -105 - -101. Calculate x(w).
-8
Let w = 23 - 17. Let z(p) = p**2 - 5*p - 8. Give z(w).
-2
Let o(a) = -2*a**2 + 1 - a**2 + 5*a**2 + 3*a**2 + 3*a. What is o(-2)?
15
Suppose -2*f = -0*b - 5*b - 24, 2 = -b - f. Let t(z) = z + 1. Calculate t(b).
-3
Let q(s) be the third derivative of -s**8/6720 + s**7/840 + s**6/360 + s**5/40 - s**4/8 + 3*s**2. Let u(j) be the second derivative of q(j). What is u(3)?
9
Let g = -9 - -13. Suppose 6*j - j + g*a = 11, -j = 3*a. Let p(h) = h**3 - 4*h**2 + 2*h - 4. Calculate p(j).
-7
Let h = -9 - -12. Suppose 17 + h = 4*v. Let b(i) = i**3 - 6*i**2 + 6*i - 5. Calculate b(v).
0
Let v(l) = l + 0*l + 0*l**2 + 0*l**2 - l**2. Give v(2).
-2
Let t(y) = -2*y - 5*y**3 - 7 - y**2 + 16 - 7 - 3. Let k be t(-1). Let m(b) = 2 + 0 - b**2 - 1 + 7*b. What is m(k)?
11
Suppose 0*y - y = 3*v - 6, 0 = -v - 5*y + 2. Let l(k) = 5*k**2 - 3*k. What is l(v)?
14
Let i(y) = 0*y**3 - 2*y**2 - 11 - y**3 + 7 - y - 3*y. What is i(-3)?
17
Let b(s) be the second derivative of s**6/720 + 7*s**5/120 + s**4/6 - 4*s. Let v(r) be the third derivative of b(r). Determine v(-5).
2
Let l(n) = 11*n**2 - 1. Let s(m) = -m**2 + 2*m - 6. Let h be s(5). Let f = h - -20. Give l(f).
10
Let i be 49/(-14) - 2/(-4). Let n(q) be the second derivative of -q**4/12 + q**3/6 + 2*q. Calculate n(i).
-12
Let k(t) = 10 - 2 + t**3 - 6 - 3*t**2 + t. Give k(3).
5
Let y be 12/(-9) + 34/(-6). Let j(m) = m**2 + 7*m + 10. Calculate j(y).
10
Let i(w) = -6*w**2 - 2*w. Let q be i(-1). Let o(g) = -g**2 - 4*g + 5. Give o(q).
5
Let q(a) be the first derivative of -11*a**4/4 + a**3/3 - a**2/2 + a + 70. Determine q(1).
-10
Let p(a) = -a**3 - 6*a**2 - 2*a + 4. Let z be (-19)/4 + 11/(-44). What is p(z)?
-11
Let p(k) = -k + 2. Let t be p(-3). Let c(a) = -a**2 - 3*a - 7. Let b(z) = 6*z**2 + 15*z + 35. Let q(v) = 2*b(v) + 11*c(v). Determine q(t).
3
Let v(z) = 6*z**2 + z. Let q = 12 - 3. Suppose -3*u + 6 = 0, u - q = -3*k + 5. Suppose k = -5*i + i. Calculate v(i).
5
Let t(p) = 3*p**2 - 5*p - 13. Let g(f) = -2*f**2 + 3*f + 9. Let q(h) = -7*g(h) - 5*t(h). Calculate q(5).
-3
Let d(o) be the third derivative of -4*o**2 + 0 + 0*o + 0*o**3 + 1/4*o**4. What is d(1)?
6
Let j(n) = -1 - 3 + n + 5*n + n**2. Calculate j(-6).
-4
Let g(s) be the third derivative of -s**6/120 - s**4/24 - 7*s**3/3 + 34*s**2. Calculate g(0).
-14
Let y(o) be the third derivative of o**4/24 + 2*o**2. Let q(s) = -s**2 + 5*s - 6. Let x(k) = q(k) + 2*y(k). Determine x(4).
6
Suppose 0 = -f - f - 6. Let j = f - -5. Let y be j - 18/(9/3). Let m(z) = z**2 + 4*z + 5. Calculate m(y).
5
Let s(b) = -4*b**2 + 9*b - 6. Let m(i) be the second derivative of 5*i**4/12 - 5*i**3/3 + 7*i**2/2 - 2*i. Let g(h) = -6*m(h) - 7*s(h). Give g(-2).
-2
Suppose 24 = x + 20. Suppose -4*f - 4*p = 4, 5*f + x*p + 6 = -4. Let s(b) be the second derivative of b**3/6 + 4*b**2 - b. Give s(f).
2
Let t(z) = -z. Let w be ((-1)/4)/((-13)/52). Calculate t(w).
-1
Let x(f) = 2*f + 4. Let c be x(-4). Let n(w) = w**3 + 5*w**2 + 3*w - 3. Let z be n(c). Let u(j) = j**2. Give u(z).
1
Let i(d) be the first derivative of -d**4/4 + 7*d**3/3 + 7*d**2/2 + 11*d + 35. What is i(8)?
3
Let j(x) be the third derivative of x**5/20 - x**4/12 + x**3/6 - x**2. Suppose -m - 32 = -5*k - 8, -m - 2*k = -11. Determine j(m).
2
Let c(u) be the second derivative of u**4/12 - u**3/2 - 2*u**2 + 2*u. Let i = 16 - 12. Give c(i).
0
Let r(s) be the first derivative of -3/2*s**2 + 0*s + 4. Determine r(1).
-3
Let j be ((-40)/(-24))/(((-75)/54)/(-5)). Let r(b) = -3*b + 2. Give r(j).
-16
Let c(n) = n**3 - 4*n**2 + 2*n - 3. Suppose -5*i - 5*p = -0*p + 5, 0 = -i - 4*p - 13. What is c(i)?
-6
Let w(f) = -f**2 + 8*f - 4. Let u(k) = -k + 23. Let n be u(17). Give w(n).
8
Let b(p) = p**2 - 9*p + 0 - 1 + 9*p. Determine b(2).
3
Let u(w) = w**3 + 4*w**2 + w + 3. Let j be u(-4). Let k(a) be the second derivative of a**3/3 + a*